[INFO] cloning repository https://github.com/porglezomp/rust-globe
[INFO] running `Command { std: "git" "-c" "credential.helper=" "-c" "credential.helper=/workspace/cargo-home/bin/git-credential-null" "clone" "--bare" "https://github.com/porglezomp/rust-globe" "/workspace/cache/git-repos/https%3A%2F%2Fgithub.com%2Fporglezomp%2Frust-globe", kill_on_drop: false }`
[INFO] [stderr] Cloning into bare repository '/workspace/cache/git-repos/https%3A%2F%2Fgithub.com%2Fporglezomp%2Frust-globe'...
[INFO] running `Command { std: "git" "rev-parse" "HEAD", kill_on_drop: false }`
[INFO] [stdout] eded2a7c43e3ae613f9eb102eb743c0861f19d7f
[INFO] checking porglezomp/rust-globe against master#af3c6e733a40e671550e0f0f5aeecaa13772ba56 for pr-74989
[INFO] running `Command { std: "git" "clone" "/workspace/cache/git-repos/https%3A%2F%2Fgithub.com%2Fporglezomp%2Frust-globe" "/workspace/builds/worker-4/source", kill_on_drop: false }`
[INFO] [stderr] Cloning into '/workspace/builds/worker-4/source'...
[INFO] [stderr] done.
[INFO] validating manifest of git repo https://github.com/porglezomp/rust-globe on toolchain af3c6e733a40e671550e0f0f5aeecaa13772ba56
[INFO] running `Command { std: "/workspace/cargo-home/bin/cargo" "+af3c6e733a40e671550e0f0f5aeecaa13772ba56" "read-manifest" "--manifest-path" "Cargo.toml", kill_on_drop: false }`
[INFO] started tweaking git repo https://github.com/porglezomp/rust-globe
[INFO] finished tweaking git repo https://github.com/porglezomp/rust-globe
[INFO] tweaked toml for git repo https://github.com/porglezomp/rust-globe written to /workspace/builds/worker-4/source/Cargo.toml
[INFO] crate git repo https://github.com/porglezomp/rust-globe already has a lockfile, it will not be regenerated
[INFO] running `Command { std: "/workspace/cargo-home/bin/cargo" "+af3c6e733a40e671550e0f0f5aeecaa13772ba56" "fetch" "--locked" "--manifest-path" "Cargo.toml", kill_on_drop: false }`
[INFO] [stderr]     Blocking waiting for file lock on package cache
[INFO] [stderr] error: the lock file /workspace/builds/worker-4/source/Cargo.lock needs to be updated but --locked was passed to prevent this
[INFO] [stderr] If you want to try to generate the lock file without accessing the network, use the --offline flag.
[INFO] the lockfile is outdated, regenerating it
[INFO] running `Command { std: "/workspace/cargo-home/bin/cargo" "+af3c6e733a40e671550e0f0f5aeecaa13772ba56" "generate-lockfile" "--manifest-path" "Cargo.toml" "-Zno-index-update", kill_on_drop: false }`
[INFO] [stderr]     Blocking waiting for file lock on package cache
[INFO] running `Command { std: "/workspace/cargo-home/bin/cargo" "+af3c6e733a40e671550e0f0f5aeecaa13772ba56" "fetch" "--locked" "--manifest-path" "Cargo.toml", kill_on_drop: false }`
[INFO] [stderr]     Blocking waiting for file lock on package cache
[INFO] [stderr]     Blocking waiting for file lock on package cache
[INFO] [stderr]  Downloading crates ...
[INFO] [stderr]   Downloaded glium v0.27.0
[INFO] [stderr]   Downloaded cgmath v0.10.0
[INFO] running `Command { std: "docker" "create" "-v" "/var/lib/crater-agent-workspace/builds/worker-4/target:/opt/rustwide/target:rw,Z" "-v" "/var/lib/crater-agent-workspace/builds/worker-4/source:/opt/rustwide/workdir:ro,Z" "-v" "/var/lib/crater-agent-workspace/cargo-home:/opt/rustwide/cargo-home:ro,Z" "-v" "/var/lib/crater-agent-workspace/rustup-home:/opt/rustwide/rustup-home:ro,Z" "-e" "SOURCE_DIR=/opt/rustwide/workdir" "-e" "CARGO_TARGET_DIR=/opt/rustwide/target" "-e" "CARGO_HOME=/opt/rustwide/cargo-home" "-e" "RUSTUP_HOME=/opt/rustwide/rustup-home" "-w" "/opt/rustwide/workdir" "-m" "1610612736" "--user" "0:0" "--network" "none" "rustops/crates-build-env@sha256:d92eaeed33fa75130ca1ee6c8a01d1ffb62bac859dfdfb3450e3e5d1c0146529" "/opt/rustwide/cargo-home/bin/cargo" "+af3c6e733a40e671550e0f0f5aeecaa13772ba56" "metadata" "--no-deps" "--format-version=1", kill_on_drop: false }`
[INFO] [stdout] e8dae9c0dc644fe8d4776426758a6f3e4868c84a706779d3d9a23b216b675dea
[INFO] [stderr] WARNING: Your kernel does not support swap limit capabilities or the cgroup is not mounted. Memory limited without swap.
[INFO] running `Command { std: "docker" "start" "-a" "e8dae9c0dc644fe8d4776426758a6f3e4868c84a706779d3d9a23b216b675dea", kill_on_drop: false }`
[INFO] running `Command { std: "docker" "inspect" "e8dae9c0dc644fe8d4776426758a6f3e4868c84a706779d3d9a23b216b675dea", kill_on_drop: false }`
[INFO] running `Command { std: "docker" "rm" "-f" "e8dae9c0dc644fe8d4776426758a6f3e4868c84a706779d3d9a23b216b675dea", kill_on_drop: false }`
[INFO] [stdout] e8dae9c0dc644fe8d4776426758a6f3e4868c84a706779d3d9a23b216b675dea
[INFO] running `Command { std: "docker" "create" "-v" "/var/lib/crater-agent-workspace/builds/worker-4/target:/opt/rustwide/target:rw,Z" "-v" "/var/lib/crater-agent-workspace/builds/worker-4/source:/opt/rustwide/workdir:ro,Z" "-v" "/var/lib/crater-agent-workspace/cargo-home:/opt/rustwide/cargo-home:ro,Z" "-v" "/var/lib/crater-agent-workspace/rustup-home:/opt/rustwide/rustup-home:ro,Z" "-e" "SOURCE_DIR=/opt/rustwide/workdir" "-e" "CARGO_TARGET_DIR=/opt/rustwide/target" "-e" "CARGO_INCREMENTAL=0" "-e" "RUST_BACKTRACE=full" "-e" "RUSTFLAGS=--cap-lints=forbid" "-e" "CARGO_HOME=/opt/rustwide/cargo-home" "-e" "RUSTUP_HOME=/opt/rustwide/rustup-home" "-w" "/opt/rustwide/workdir" "-m" "1610612736" "--user" "0:0" "--network" "none" "rustops/crates-build-env@sha256:d92eaeed33fa75130ca1ee6c8a01d1ffb62bac859dfdfb3450e3e5d1c0146529" "/opt/rustwide/cargo-home/bin/cargo" "+af3c6e733a40e671550e0f0f5aeecaa13772ba56" "check" "--frozen" "--all" "--all-targets" "--message-format=json", kill_on_drop: false }`
[INFO] [stdout] 3fc84f134bc9928fee719a7a0bacfbde046fa83cc5d4f4e7c4317478dc41746f
[INFO] [stderr] WARNING: Your kernel does not support swap limit capabilities or the cgroup is not mounted. Memory limited without swap.
[INFO] running `Command { std: "docker" "start" "-a" "3fc84f134bc9928fee719a7a0bacfbde046fa83cc5d4f4e7c4317478dc41746f", kill_on_drop: false }`
[INFO] [stderr]    Compiling libc v0.2.77
[INFO] [stderr]    Compiling autocfg v1.0.1
[INFO] [stderr]    Compiling xml-rs v0.8.3
[INFO] [stderr]     Checking cfg-if v0.1.10
[INFO] [stderr]    Compiling proc-macro2 v0.4.30
[INFO] [stderr]    Compiling khronos_api v3.1.0
[INFO] [stderr]    Compiling unicode-xid v0.1.0
[INFO] [stderr]     Checking lazy_static v1.4.0
[INFO] [stderr]    Compiling libloading v0.6.3
[INFO] [stderr]    Compiling nix v0.14.1
[INFO] [stderr]     Checking slab v0.4.2
[INFO] [stderr]     Checking lazycell v1.3.0
[INFO] [stderr]    Compiling pkg-config v0.3.18
[INFO] [stderr]    Compiling maybe-uninit v2.0.0
[INFO] [stderr]     Checking downcast-rs v1.2.0
[INFO] [stderr]     Checking same-file v1.0.6
[INFO] [stderr]     Checking xdg v2.2.0
[INFO] [stderr]    Compiling cc v1.0.59
[INFO] [stderr]     Checking smallvec v1.4.2
[INFO] [stderr]     Checking scopeguard v1.1.0
[INFO] [stderr]     Checking instant v0.1.6
[INFO] [stderr]     Checking percent-encoding v2.1.0
[INFO] [stderr]     Checking rustc-serialize v0.3.24
[INFO] [stderr]     Checking takeable-option v0.5.0
[INFO] [stderr]     Checking fnv v1.0.7
[INFO] [stderr]     Checking walkdir v2.3.1
[INFO] [stderr]     Checking lock_api v0.3.4
[INFO] [stderr]    Compiling log v0.4.11
[INFO] [stderr]     Checking stb_truetype v0.3.1
[INFO] [stderr]     Checking dlib v0.4.2
[INFO] [stderr]     Checking wayland-sys v0.23.6
[INFO] [stderr]    Compiling num-traits v0.2.12
[INFO] [stderr]    Compiling miniz_oxide v0.4.2
[INFO] [stderr]    Compiling memoffset v0.5.5
[INFO] [stderr]    Compiling x11-dl v2.18.5
[INFO] [stderr]    Compiling gl_generator v0.14.0
[INFO] [stderr]    Compiling quote v0.6.13
[INFO] [stderr]    Compiling wayland-scanner v0.23.6
[INFO] [stderr]     Checking iovec v0.1.4
[INFO] [stderr]     Checking net2 v0.2.35
[INFO] [stderr]     Checking parking_lot_core v0.7.2
[INFO] [stderr]     Checking memmap v0.7.0
[INFO] [stderr]     Checking raw-window-handle v0.3.3
[INFO] [stderr]     Checking shared_library v0.1.9
[INFO] [stderr]     Checking rand v0.4.6
[INFO] [stderr]    Compiling libloading v0.5.2
[INFO] [stderr]     Checking osmesa-sys v0.1.2
[INFO] [stderr]     Checking parking_lot v0.10.2
[INFO] [stderr]     Checking backtrace v0.3.50
[INFO] [stderr]     Checking mio v0.6.22
[INFO] [stderr]    Compiling glutin_egl_sys v0.1.5
[INFO] [stderr]    Compiling glutin_glx_sys v0.1.7
[INFO] [stderr]    Compiling glium v0.27.0
[INFO] [stderr]     Checking ordered-float v1.1.0
[INFO] [stderr]     Checking approx v0.3.2
[INFO] [stderr]     Checking line_drawing v0.7.0
[INFO] [stderr]     Checking num-traits v0.1.43
[INFO] [stderr]     Checking rand v0.3.23
[INFO] [stderr]     Checking cgmath v0.10.0
[INFO] [stderr]     Checking rusttype v0.8.3
[INFO] [stderr]     Checking mio-extras v2.0.6
[INFO] [stderr]     Checking rusttype v0.7.9
[INFO] [stderr]     Checking andrew v0.2.1
[INFO] [stderr]    Compiling wayland-client v0.23.6
[INFO] [stderr]    Compiling wayland-protocols v0.23.6
[INFO] [stderr]     Checking calloop v0.4.4
[INFO] [stderr]     Checking wayland-commons v0.23.6
[INFO] [stderr]     Checking smithay-client-toolkit v0.6.6
[INFO] [stderr]     Checking winit v0.22.2
[INFO] [stderr]     Checking glutin v0.24.1
[INFO] [stderr]     Checking globe v0.1.0 (/opt/rustwide/workdir)
[INFO] [stdout] error[E0432]: unresolved import `glium::DisplayBuild`
[INFO] [stdout]  --> src/main.rs:5:13
[INFO] [stdout]   |
[INFO] [stdout] 5 | use glium::{DisplayBuild, Surface, VertexBuffer, IndexBuffer, Program, DrawParameters, Blend};
[INFO] [stdout]   |             ^^^^^^^^^^^^ no `DisplayBuild` in the root
[INFO] [stdout] 
[INFO] [stdout] 
[INFO] [stdout] error[E0432]: unresolved imports `glium::glutin::WindowBuilder`, `glium::glutin::Event`
[INFO] [stdout]  --> src/main.rs:6:21
[INFO] [stdout]   |
[INFO] [stdout] 6 | use glium::glutin::{WindowBuilder, Event};
[INFO] [stdout]   |                     ^^^^^^^^^^^^^  ^^^^^
[INFO] [stdout]   |                     |              |
[INFO] [stdout]   |                     |              no `Event` in `glutin`
[INFO] [stdout]   |                     |              help: a similar name exists in the module: `event`
[INFO] [stdout]   |                     no `WindowBuilder` in `glutin`
[INFO] [stdout] 
[INFO] [stdout] 
[INFO] [stdout] error[E0432]: unresolved import `glium::glutin::ElementState`
[INFO] [stdout]   --> src/main.rs:76:28
[INFO] [stdout]    |
[INFO] [stdout] 76 |         use glium::glutin::ElementState::{Pressed, Released};
[INFO] [stdout]    |                            ^^^^^^^^^^^^ could not find `ElementState` in `glutin`
[INFO] [stdout] 
[INFO] [stdout] 
[INFO] [stdout] error[E0432]: unresolved import `glium::glutin::MouseButton`
[INFO] [stdout]   --> src/main.rs:77:13
[INFO] [stdout]    |
[INFO] [stdout] 77 |         use glium::glutin::MouseButton;
[INFO] [stdout]    |             ^^^^^^^^^^^^^^^^^^^^^^^^^^ no `MouseButton` in `glutin`
[INFO] [stdout] 
[INFO] [stdout] 
[INFO] [stdout] error[E0432]: unresolved import `glium::DisplayBuild`
[INFO] [stdout]  --> src/main.rs:5:13
[INFO] [stdout]   |
[INFO] [stdout] 5 | use glium::{DisplayBuild, Surface, VertexBuffer, IndexBuffer, Program, DrawParameters, Blend};
[INFO] [stdout]   |             ^^^^^^^^^^^^ no `DisplayBuild` in the root
[INFO] [stdout] 
[INFO] [stdout] 
[INFO] [stdout] error[E0432]: unresolved imports `glium::glutin::WindowBuilder`, `glium::glutin::Event`
[INFO] [stdout]  --> src/main.rs:6:21
[INFO] [stdout]   |
[INFO] [stdout] 6 | use glium::glutin::{WindowBuilder, Event};
[INFO] [stdout]   |                     ^^^^^^^^^^^^^  ^^^^^
[INFO] [stdout]   |                     |              |
[INFO] [stdout]   |                     |              no `Event` in `glutin`
[INFO] [stdout]   |                     |              help: a similar name exists in the module: `event`
[INFO] [stdout]   |                     no `WindowBuilder` in `glutin`
[INFO] [stdout] 
[INFO] [stdout] 
[INFO] [stdout] error[E0432]: unresolved import `glium::glutin::ElementState`
[INFO] [stdout]   --> src/main.rs:76:28
[INFO] [stdout]    |
[INFO] [stdout] 76 |         use glium::glutin::ElementState::{Pressed, Released};
[INFO] [stdout]    |                            ^^^^^^^^^^^^ could not find `ElementState` in `glutin`
[INFO] [stdout] 
[INFO] [stdout] 
[INFO] [stdout] error[E0432]: unresolved import `glium::glutin::MouseButton`
[INFO] [stdout]   --> src/main.rs:77:13
[INFO] [stdout]    |
[INFO] [stdout] 77 |         use glium::glutin::MouseButton;
[INFO] [stdout]    |             ^^^^^^^^^^^^^^^^^^^^^^^^^^ no `MouseButton` in `glutin`
[INFO] [stdout] 
[INFO] [stdout] 
[INFO] [stdout] error[E0023]: this pattern has 1 field, but the corresponding tuple variant has 2 fields
[INFO] [stdout]    --> src/main.rs:44:13
[INFO] [stdout]     |
[INFO] [stdout] 44  |         Err(CompilationError(e)) => {
[INFO] [stdout]     |             ^^^^^^^^^^^^^^^^^^^ expected 2 fields, found 1
[INFO] [stdout]     | 
[INFO] [stdout]    ::: /opt/rustwide/cargo-home/registry/src/github.com-1ecc6299db9ec823/glium-0.27.0/src/program/mod.rs:115:5
[INFO] [stdout]     |
[INFO] [stdout] 115 |     CompilationError(String, ShaderType),
[INFO] [stdout]     |     ------------------------------------ tuple variant defined here
[INFO] [stdout] 
[INFO] [stdout] 
[INFO] [stdout] warning: unused import: `Surface`
[INFO] [stdout]  --> src/main.rs:5:27
[INFO] [stdout]   |
[INFO] [stdout] 5 | use glium::{DisplayBuild, Surface, VertexBuffer, IndexBuffer, Program, DrawParameters, Blend};
[INFO] [stdout]   |                           ^^^^^^^
[INFO] [stdout]   |
[INFO] [stdout]   = note: `#[warn(unused_imports)]` on by default
[INFO] [stdout] 
[INFO] [stdout] 
[INFO] [stdout] error: aborting due to 5 previous errors; 1 warning emitted
[INFO] [stdout] 
[INFO] [stdout] 
[INFO] [stdout] Some errors have detailed explanations: E0023, E0432.
[INFO] [stdout] 
[INFO] [stdout] For more information about an error, try `rustc --explain E0023`.
[INFO] [stdout] 
[INFO] [stderr] error: could not compile `globe`.
[INFO] [stderr] 
[INFO] [stderr] To learn more, run the command again with --verbose.
[INFO] [stderr] warning: build failed, waiting for other jobs to finish...
[INFO] [stdout] error[E0023]: this pattern has 1 field, but the corresponding tuple variant has 2 fields
[INFO] [stdout]    --> src/main.rs:44:13
[INFO] [stdout]     |
[INFO] [stdout] 44  |         Err(CompilationError(e)) => {
[INFO] [stdout]     |             ^^^^^^^^^^^^^^^^^^^ expected 2 fields, found 1
[INFO] [stdout]     | 
[INFO] [stdout]    ::: /opt/rustwide/cargo-home/registry/src/github.com-1ecc6299db9ec823/glium-0.27.0/src/program/mod.rs:115:5
[INFO] [stdout]     |
[INFO] [stdout] 115 |     CompilationError(String, ShaderType),
[INFO] [stdout]     |     ------------------------------------ tuple variant defined here
[INFO] [stdout] 
[INFO] [stdout] 
[INFO] [stdout] warning: unused import: `Surface`
[INFO] [stdout]  --> src/main.rs:5:27
[INFO] [stdout]   |
[INFO] [stdout] 5 | use glium::{DisplayBuild, Surface, VertexBuffer, IndexBuffer, Program, DrawParameters, Blend};
[INFO] [stdout]   |                           ^^^^^^^
[INFO] [stdout]   |
[INFO] [stdout]   = note: `#[warn(unused_imports)]` on by default
[INFO] [stdout] 
[INFO] [stdout] 
[INFO] [stdout] error: aborting due to 5 previous errors; 1 warning emitted
[INFO] [stdout] 
[INFO] [stdout] 
[INFO] [stdout] Some errors have detailed explanations: E0023, E0432.
[INFO] [stdout] 
[INFO] [stdout] For more information about an error, try `rustc --explain E0023`.
[INFO] [stdout] 
[INFO] [stderr] error: build failed
[INFO] running `Command { std: "docker" "inspect" "3fc84f134bc9928fee719a7a0bacfbde046fa83cc5d4f4e7c4317478dc41746f", kill_on_drop: false }`
[INFO] running `Command { std: "docker" "rm" "-f" "3fc84f134bc9928fee719a7a0bacfbde046fa83cc5d4f4e7c4317478dc41746f", kill_on_drop: false }`
[INFO] [stdout] 3fc84f134bc9928fee719a7a0bacfbde046fa83cc5d4f4e7c4317478dc41746f
